{"id":2695,"date":"2025-05-23T11:55:57","date_gmt":"2025-05-23T11:55:57","guid":{"rendered":"https:\/\/indice.ro\/?page_id=2695"},"modified":"2025-05-23T12:03:44","modified_gmt":"2025-05-23T12:03:44","slug":"guardtech-program-de-dezvoltare-a-competentelor-digitale-smis-334729","status":"publish","type":"page","link":"https:\/\/indice.ro\/index.php\/guardtech-program-de-dezvoltare-a-competentelor-digitale-smis-334729\/","title":{"rendered":"GuardTech \u2013 Program de dezvoltare a competen\u021belor digitale, SMIS 334729"},"content":{"rendered":"\n<p class=\"gutenify-section-47f770a0-37cc-11f0-93b8-dde6f6ac02cc\">\u00cencep\u00e2nd cu data de 1 mai 2025, pe o perioad\u0103 de 36 de luni, EXELO TRAINING &amp; DEVELOPMENT SRL, \u00een parteneriat cu INDICE CONSULTING AND MANAGEMENT SRL, implementeaz\u0103 proiectul \u201e<strong>GuardTech \u2013 Program de dezvoltare a competen\u021belor digitale<\/strong>\u201d &#8211; cod MySMIS <strong>334729<\/strong>.<\/p>\n\n\n\n<p class=\"gutenify-section-4e4b5020-37cc-11f0-93b8-dde6f6ac02cc\"><\/p>\n\n\n\n<div data-wp-interactive=\"core\/file\" class=\"wp-block-file gutenify-section-d5f9cf60-37cc-11f0-93b8-dde6f6ac02cc\"><object data-wp-bind--hidden=\"!state.hasPdfPreview\" hidden class=\"wp-block-file__embed\" data=\"https:\/\/indice.ro\/wp-content\/uploads\/2025\/05\/afis_334729.pdf\" type=\"application\/pdf\" style=\"width:100%;height:600px\" aria-label=\"Embed of afi\u0219_334729.\"><\/object><a id=\"wp-block-file--media-88f4bab5-91b0-49e7-ab50-87a5567ff1d7\" href=\"https:\/\/indice.ro\/wp-content\/uploads\/2025\/05\/afis_334729.pdf\">afi\u0219_334729<\/a><a href=\"https:\/\/indice.ro\/wp-content\/uploads\/2025\/05\/afis_334729.pdf\" class=\"wp-block-file__button wp-element-button\" download aria-describedby=\"wp-block-file--media-88f4bab5-91b0-49e7-ab50-87a5567ff1d7\">Download<\/a><\/div>\n\n\n\n<p class=\"gutenify-section-e081e2b0-37cc-11f0-93b8-dde6f6ac02cc\"><\/p>\n","protected":false},"excerpt":{"rendered":"<p>\u00cencep\u00e2nd cu data de 1 mai 2025, pe o perioad\u0103 de 36 de luni, EXELO TRAINING &amp; DEVELOPMENT SRL, \u00een parteneriat cu INDICE CONSULTING AND MANAGEMENT SRL, implementeaz\u0103 proiectul \u201eGuardTech \u2013 Program de dezvoltare a competen\u021belor digitale\u201d &#8211; cod MySMIS 334729.<\/p>\n","protected":false},"author":1,"featured_media":0,"parent":0,"menu_order":0,"comment_status":"closed","ping_status":"closed","template":"","meta":{"gutenify_custom_css":"","gutenify_custom_css_data":"","footnotes":""},"class_list":["post-2695","page","type-page","status-publish","hentry"],"yoast_head":"<!-- This site is optimized with the Yoast SEO plugin v23.5 - https:\/\/yoast.com\/wordpress\/plugins\/seo\/ -->\n<title>GuardTech \u2013 Program de dezvoltare a competen\u021belor digitale, SMIS 334729 - Indice Consulting<\/title>\n<meta name=\"robots\" content=\"index, follow, max-snippet:-1, max-image-preview:large, max-video-preview:-1\" \/>\n<link rel=\"canonical\" href=\"https:\/\/indice.ro\/index.php\/guardtech-program-de-dezvoltare-a-competentelor-digitale-smis-334729\/\" \/>\n<meta property=\"og:locale\" content=\"en_US\" \/>\n<meta property=\"og:type\" content=\"article\" \/>\n<meta property=\"og:title\" content=\"GuardTech \u2013 Program de dezvoltare a competen\u021belor digitale, SMIS 334729 - Indice Consulting\" \/>\n<meta property=\"og:description\" content=\"\u00cencep\u00e2nd cu data de 1 mai 2025, pe o perioad\u0103 de 36 de luni, EXELO TRAINING &amp; DEVELOPMENT SRL, \u00een parteneriat cu INDICE CONSULTING AND MANAGEMENT SRL, implementeaz\u0103 proiectul \u201eGuardTech \u2013 Program de dezvoltare a competen\u021belor digitale\u201d &#8211; cod MySMIS 334729.\" \/>\n<meta property=\"og:url\" content=\"https:\/\/indice.ro\/index.php\/guardtech-program-de-dezvoltare-a-competentelor-digitale-smis-334729\/\" \/>\n<meta property=\"og:site_name\" content=\"Indice Consulting\" \/>\n<meta property=\"article:modified_time\" content=\"2025-05-23T12:03:44+00:00\" \/>\n<meta name=\"twitter:card\" content=\"summary_large_image\" \/>\n<meta name=\"twitter:label1\" content=\"Est. reading time\" \/>\n\t<meta name=\"twitter:data1\" content=\"1 minute\" \/>\n<script type=\"application\/ld+json\" class=\"yoast-schema-graph\">{\"@context\":\"https:\/\/schema.org\",\"@graph\":[{\"@type\":\"WebPage\",\"@id\":\"https:\/\/indice.ro\/index.php\/guardtech-program-de-dezvoltare-a-competentelor-digitale-smis-334729\/\",\"url\":\"https:\/\/indice.ro\/index.php\/guardtech-program-de-dezvoltare-a-competentelor-digitale-smis-334729\/\",\"name\":\"GuardTech \u2013 Program de dezvoltare a competen\u021belor digitale, SMIS 334729 - Indice Consulting\",\"isPartOf\":{\"@id\":\"https:\/\/indice.ro\/#website\"},\"datePublished\":\"2025-05-23T11:55:57+00:00\",\"dateModified\":\"2025-05-23T12:03:44+00:00\",\"breadcrumb\":{\"@id\":\"https:\/\/indice.ro\/index.php\/guardtech-program-de-dezvoltare-a-competentelor-digitale-smis-334729\/#breadcrumb\"},\"inLanguage\":\"en-US\",\"potentialAction\":[{\"@type\":\"ReadAction\",\"target\":[\"https:\/\/indice.ro\/index.php\/guardtech-program-de-dezvoltare-a-competentelor-digitale-smis-334729\/\"]}]},{\"@type\":\"BreadcrumbList\",\"@id\":\"https:\/\/indice.ro\/index.php\/guardtech-program-de-dezvoltare-a-competentelor-digitale-smis-334729\/#breadcrumb\",\"itemListElement\":[{\"@type\":\"ListItem\",\"position\":1,\"name\":\"Home\",\"item\":\"https:\/\/indice.ro\/\"},{\"@type\":\"ListItem\",\"position\":2,\"name\":\"GuardTech \u2013 Program de dezvoltare a competen\u021belor digitale, SMIS 334729\"}]},{\"@type\":\"WebSite\",\"@id\":\"https:\/\/indice.ro\/#website\",\"url\":\"https:\/\/indice.ro\/\",\"name\":\"Indice Consulting\",\"description\":\"\",\"publisher\":{\"@id\":\"https:\/\/indice.ro\/#organization\"},\"potentialAction\":[{\"@type\":\"SearchAction\",\"target\":{\"@type\":\"EntryPoint\",\"urlTemplate\":\"https:\/\/indice.ro\/?s={search_term_string}\"},\"query-input\":{\"@type\":\"PropertyValueSpecification\",\"valueRequired\":true,\"valueName\":\"search_term_string\"}}],\"inLanguage\":\"en-US\"},{\"@type\":\"Organization\",\"@id\":\"https:\/\/indice.ro\/#organization\",\"name\":\"Indice Consulting\",\"url\":\"https:\/\/indice.ro\/\",\"logo\":{\"@type\":\"ImageObject\",\"inLanguage\":\"en-US\",\"@id\":\"https:\/\/indice.ro\/#\/schema\/logo\/image\/\",\"url\":\"https:\/\/indice.ro\/wp-content\/uploads\/2024\/09\/logo.jpg\",\"contentUrl\":\"https:\/\/indice.ro\/wp-content\/uploads\/2024\/09\/logo.jpg\",\"width\":219,\"height\":116,\"caption\":\"Indice Consulting\"},\"image\":{\"@id\":\"https:\/\/indice.ro\/#\/schema\/logo\/image\/\"}}]}<\/script>\n<!-- \/ Yoast SEO plugin. -->","yoast_head_json":{"title":"GuardTech \u2013 Program de dezvoltare a competen\u021belor digitale, SMIS 334729 - Indice Consulting","robots":{"index":"index","follow":"follow","max-snippet":"max-snippet:-1","max-image-preview":"max-image-preview:large","max-video-preview":"max-video-preview:-1"},"canonical":"https:\/\/indice.ro\/index.php\/guardtech-program-de-dezvoltare-a-competentelor-digitale-smis-334729\/","og_locale":"en_US","og_type":"article","og_title":"GuardTech \u2013 Program de dezvoltare a competen\u021belor digitale, SMIS 334729 - Indice Consulting","og_description":"\u00cencep\u00e2nd cu data de 1 mai 2025, pe o perioad\u0103 de 36 de luni, EXELO TRAINING &amp; DEVELOPMENT SRL, \u00een parteneriat cu INDICE CONSULTING AND MANAGEMENT SRL, implementeaz\u0103 proiectul \u201eGuardTech \u2013 Program de dezvoltare a competen\u021belor digitale\u201d &#8211; cod MySMIS 334729.","og_url":"https:\/\/indice.ro\/index.php\/guardtech-program-de-dezvoltare-a-competentelor-digitale-smis-334729\/","og_site_name":"Indice Consulting","article_modified_time":"2025-05-23T12:03:44+00:00","twitter_card":"summary_large_image","twitter_misc":{"Est. reading time":"1 minute"},"schema":{"@context":"https:\/\/schema.org","@graph":[{"@type":"WebPage","@id":"https:\/\/indice.ro\/index.php\/guardtech-program-de-dezvoltare-a-competentelor-digitale-smis-334729\/","url":"https:\/\/indice.ro\/index.php\/guardtech-program-de-dezvoltare-a-competentelor-digitale-smis-334729\/","name":"GuardTech \u2013 Program de dezvoltare a competen\u021belor digitale, SMIS 334729 - Indice Consulting","isPartOf":{"@id":"https:\/\/indice.ro\/#website"},"datePublished":"2025-05-23T11:55:57+00:00","dateModified":"2025-05-23T12:03:44+00:00","breadcrumb":{"@id":"https:\/\/indice.ro\/index.php\/guardtech-program-de-dezvoltare-a-competentelor-digitale-smis-334729\/#breadcrumb"},"inLanguage":"en-US","potentialAction":[{"@type":"ReadAction","target":["https:\/\/indice.ro\/index.php\/guardtech-program-de-dezvoltare-a-competentelor-digitale-smis-334729\/"]}]},{"@type":"BreadcrumbList","@id":"https:\/\/indice.ro\/index.php\/guardtech-program-de-dezvoltare-a-competentelor-digitale-smis-334729\/#breadcrumb","itemListElement":[{"@type":"ListItem","position":1,"name":"Home","item":"https:\/\/indice.ro\/"},{"@type":"ListItem","position":2,"name":"GuardTech \u2013 Program de dezvoltare a competen\u021belor digitale, SMIS 334729"}]},{"@type":"WebSite","@id":"https:\/\/indice.ro\/#website","url":"https:\/\/indice.ro\/","name":"Indice Consulting","description":"","publisher":{"@id":"https:\/\/indice.ro\/#organization"},"potentialAction":[{"@type":"SearchAction","target":{"@type":"EntryPoint","urlTemplate":"https:\/\/indice.ro\/?s={search_term_string}"},"query-input":{"@type":"PropertyValueSpecification","valueRequired":true,"valueName":"search_term_string"}}],"inLanguage":"en-US"},{"@type":"Organization","@id":"https:\/\/indice.ro\/#organization","name":"Indice Consulting","url":"https:\/\/indice.ro\/","logo":{"@type":"ImageObject","inLanguage":"en-US","@id":"https:\/\/indice.ro\/#\/schema\/logo\/image\/","url":"https:\/\/indice.ro\/wp-content\/uploads\/2024\/09\/logo.jpg","contentUrl":"https:\/\/indice.ro\/wp-content\/uploads\/2024\/09\/logo.jpg","width":219,"height":116,"caption":"Indice Consulting"},"image":{"@id":"https:\/\/indice.ro\/#\/schema\/logo\/image\/"}}]}},"_links":{"self":[{"href":"https:\/\/indice.ro\/index.php\/wp-json\/wp\/v2\/pages\/2695","targetHints":{"allow":["GET"]}}],"collection":[{"href":"https:\/\/indice.ro\/index.php\/wp-json\/wp\/v2\/pages"}],"about":[{"href":"https:\/\/indice.ro\/index.php\/wp-json\/wp\/v2\/types\/page"}],"author":[{"embeddable":true,"href":"https:\/\/indice.ro\/index.php\/wp-json\/wp\/v2\/users\/1"}],"replies":[{"embeddable":true,"href":"https:\/\/indice.ro\/index.php\/wp-json\/wp\/v2\/comments?post=2695"}],"version-history":[{"count":2,"href":"https:\/\/indice.ro\/index.php\/wp-json\/wp\/v2\/pages\/2695\/revisions"}],"predecessor-version":[{"id":2702,"href":"https:\/\/indice.ro\/index.php\/wp-json\/wp\/v2\/pages\/2695\/revisions\/2702"}],"wp:attachment":[{"href":"https:\/\/indice.ro\/index.php\/wp-json\/wp\/v2\/media?parent=2695"}],"curies":[{"name":"wp","href":"https:\/\/api.w.org\/{rel}","templated":true}]}}