{"id":2674,"date":"2025-04-22T16:01:20","date_gmt":"2025-04-22T16:01:20","guid":{"rendered":"https:\/\/indice.ro\/?page_id=2674"},"modified":"2025-04-22T16:01:21","modified_gmt":"2025-04-22T16:01:21","slug":"anunt-de-diseminare-a-rezultatelor-proiectului-train4it-competente-digitale-pentru-angajatii-din-imm-142935","status":"publish","type":"page","link":"https:\/\/indice.ro\/index.php\/anunt-de-diseminare-a-rezultatelor-proiectului-train4it-competente-digitale-pentru-angajatii-din-imm-142935\/","title":{"rendered":"Anun\u021b de diseminare a rezultatelor proiectului \u201eTrain4IT Competente digitale pentru angajatii din IMM\u201d \u2013 142935"},"content":{"rendered":"\n<p class=\"gutenify-section-3a538870-1f90-11f0-b76e-cd755f895a90\">Suntem \u00eenc\u00e2nta\u021bi s\u0103 anun\u021b\u0103m finalizarea proiectului <strong>Train4IT Competente digitale pentru angajatii din IMM<\/strong>, un proiect dedicat \u00eembun\u0103t\u0103\u021birii nivelului de competen\u021be digitale ale celor 301 angaja\u021bi din regiunile Sud-Vest Oltenia, Centru \u0219i Sud Muntenia, care activeaz\u0103 \u00een sectoarele economice \u0219i domeniile identificate conform SNC \u0219i SNCDI, precum \u0219i sprijinirii a 32 de IMM-uri care \u00ee\u0219i desf\u0103\u0219oar\u0103 activitatea sau inten\u021bioneaz\u0103 s\u0103 \u0219i-o adapteze la unul dintre sectoarele economice \u0219i domeniile de specializare inteligent\u0103.<\/p>\n\n\n\n<p class=\"gutenify-section-3a54c0f0-1f90-11f0-b76e-cd755f895a90\"><strong>Rezultatele ob\u021binute \u00een cadrul proiectului sunt urm\u0103toarele:<\/strong><\/p>\n\n\n\n<p class=\"gutenify-section-3a55ab50-1f90-11f0-b76e-cd755f895a90\">\u00b7&nbsp;&nbsp;&nbsp;&nbsp;&nbsp;&nbsp;&nbsp; 324 persoane recrutate<\/p>\n\n\n\n<p class=\"gutenify-section-3a566ea0-1f90-11f0-b76e-cd755f895a90\">\u00b7&nbsp;&nbsp;&nbsp;&nbsp;&nbsp;&nbsp;&nbsp; 50 intreprinderi intrate in operatiune,<\/p>\n\n\n\n<p class=\"gutenify-section-3a575900-1f90-11f0-b76e-cd755f895a90\">\u00b7&nbsp;&nbsp;&nbsp;&nbsp;&nbsp;&nbsp;&nbsp; 7 grupe de curs Competente informatice avansate derulate<\/p>\n\n\n\n<p class=\"gutenify-section-3a586a70-1f90-11f0-b76e-cd755f895a90\">\u00b7&nbsp;&nbsp;&nbsp;&nbsp;&nbsp;&nbsp;&nbsp; 6 grupe de curs Competente informatice derulate<\/p>\n\n\n\n<p class=\"gutenify-section-3a592dc0-1f90-11f0-b76e-cd755f895a90\">\u00b7&nbsp;&nbsp;&nbsp;&nbsp;&nbsp;&nbsp;&nbsp; 2 grupe de curs de Competente informatice de specialitate<\/p>\n\n\n\n<p class=\"gutenify-section-3a5a3f30-1f90-11f0-b76e-cd755f895a90\">\u00b7&nbsp;&nbsp;&nbsp;&nbsp;&nbsp;&nbsp;&nbsp; 324 participanti la formare<\/p>\n\n\n\n<p class=\"gutenify-section-3a5bece0-1f90-11f0-b76e-cd755f895a90\">\u00b7&nbsp;&nbsp;&nbsp;&nbsp;&nbsp;&nbsp;&nbsp; 15 examene finale derulate<\/p>\n\n\n\n<p class=\"gutenify-section-3a5d2560-1f90-11f0-b76e-cd755f895a90\">\u00b7&nbsp;&nbsp;&nbsp;&nbsp;&nbsp;&nbsp;&nbsp; 321 participanti absolventi<\/p>\n\n\n\n<p class=\"gutenify-section-3a5e0fc0-1f90-11f0-b76e-cd755f895a90\">\u00b7&nbsp;&nbsp;&nbsp;&nbsp;&nbsp;&nbsp;&nbsp; 12 IMM-uri introduse in activitatea de programe de invatare la locul de munca<\/p>\n\n\n\n<p class=\"gutenify-section-3a5efa20-1f90-11f0-b76e-cd755f895a90\">\u00b7&nbsp;&nbsp;&nbsp;&nbsp;&nbsp;&nbsp;&nbsp; 12 programe de invatare elaborate<\/p>\n\n\n\n<p class=\"gutenify-section-3a5fbd70-1f90-11f0-b76e-cd755f895a90\">\u00b7&nbsp;&nbsp;&nbsp;&nbsp;&nbsp;&nbsp;&nbsp; 3 programe de invatare la locul de munca introduse in cadrul IMM-urilor la 6 luni de la terminarea sprijinului<\/p>\n\n\n\n<p class=\"gutenify-section-3a6080c0-1f90-11f0-b76e-cd755f895a90\">\u00b7&nbsp;&nbsp;&nbsp;&nbsp;&nbsp;&nbsp; 11 campanii de constientizare pentru promovarea importantei formarii profesionale, a participarii la programele de FPC in special la programe de formare profesionala in domeniul TIC<\/p>\n\n\n\n<p class=\"gutenify-section-3a616b20-1f90-11f0-b76e-cd755f895a90\">Ata\u0219at prezentului e-mail, reg\u0103si\u021bi cele mai relevante documente elaborate \u00een cadrul acestui proiect, menite s\u0103 sprijine diseminarea rezultatelor ob\u021binute. Sper\u0103m ca informa\u021biile incluse s\u0103 v\u0103 fie utile \u0219i s\u0103 contribuie la o mai bun\u0103 \u00een\u021belegere a impactului \u0219i beneficiilor generate de proiect.<\/p>\n\n\n\n<p class=\"gutenify-section-3a622e70-1f90-11f0-b76e-cd755f895a90\">&nbsp;Mul\u021bumim tuturor celor implica\u021bi \u00een implementarea acestui proiect \u0219i participan\u021bilor care au ales s\u0103 \u00ee\u0219i \u00eembun\u0103t\u0103\u021beasc\u0103 abilit\u0103\u021bile profesionale, contribuind astfel la o mai bun\u0103 integrare \u00een pia\u021ba muncii!<\/p>\n\n\n\n<p class=\"gutenify-section-37c38ec0-1f90-11f0-b76e-cd755f895a90\"><\/p>\n\n\n\n<div data-wp-interactive=\"core\/file\" class=\"wp-block-file gutenify-section-4cf965d0-1f90-11f0-b76e-cd755f895a90\"><object data-wp-bind--hidden=\"!state.hasPdfPreview\" hidden class=\"wp-block-file__embed\" data=\"https:\/\/indice.ro\/wp-content\/uploads\/2025\/04\/COMPETENTE-DIGITALE-AVANSATE-manual-aplicatii-info.pdf\" type=\"application\/pdf\" style=\"width:100%;height:600px\" aria-label=\"Embed of COMPETEN\u021aE DIGITALE AVANSATE manual aplicatii info.\"><\/object><a id=\"wp-block-file--media-3a1353c4-7ad3-465e-8ff0-4b046d3c6b9e\" href=\"https:\/\/indice.ro\/wp-content\/uploads\/2025\/04\/COMPETENTE-DIGITALE-AVANSATE-manual-aplicatii-info.pdf\">COMPETEN\u021aE DIGITALE AVANSATE manual aplicatii info<\/a><a href=\"https:\/\/indice.ro\/wp-content\/uploads\/2025\/04\/COMPETENTE-DIGITALE-AVANSATE-manual-aplicatii-info.pdf\" class=\"wp-block-file__button wp-element-button\" download aria-describedby=\"wp-block-file--media-3a1353c4-7ad3-465e-8ff0-4b046d3c6b9e\">Download<\/a><\/div>\n\n\n\n<p class=\"gutenify-section-8d017500-1f90-11f0-b76e-cd755f895a90\"><\/p>\n\n\n\n<div data-wp-interactive=\"core\/file\" class=\"wp-block-file gutenify-section-92aae3b0-1f90-11f0-b76e-cd755f895a90\"><object data-wp-bind--hidden=\"!state.hasPdfPreview\" hidden class=\"wp-block-file__embed\" data=\"https:\/\/indice.ro\/wp-content\/uploads\/2025\/04\/COMPETENTE-INFORMATICE-DE-SPECIALITATE-Manual-de-curs.pdf\" type=\"application\/pdf\" style=\"width:100%;height:600px\" aria-label=\"Embed of COMPETENTE INFORMATICE DE  SPECIALITATE Manual de curs.\"><\/object><a id=\"wp-block-file--media-b8878226-f87e-4837-8adf-0a548b1e1516\" href=\"https:\/\/indice.ro\/wp-content\/uploads\/2025\/04\/COMPETENTE-INFORMATICE-DE-SPECIALITATE-Manual-de-curs.pdf\">COMPETENTE INFORMATICE DE  SPECIALITATE Manual de curs<\/a><a href=\"https:\/\/indice.ro\/wp-content\/uploads\/2025\/04\/COMPETENTE-INFORMATICE-DE-SPECIALITATE-Manual-de-curs.pdf\" class=\"wp-block-file__button wp-element-button\" download aria-describedby=\"wp-block-file--media-b8878226-f87e-4837-8adf-0a548b1e1516\">Download<\/a><\/div>\n\n\n\n<p class=\"gutenify-section-ea63ca20-1f92-11f0-b76e-cd755f895a90\"><\/p>\n\n\n\n<div data-wp-interactive=\"core\/file\" class=\"wp-block-file gutenify-section-ec330be0-1f92-11f0-b76e-cd755f895a90\"><object data-wp-bind--hidden=\"!state.hasPdfPreview\" hidden class=\"wp-block-file__embed\" data=\"https:\/\/indice.ro\/wp-content\/uploads\/2025\/04\/METODOLOGIE-programe-de-invatare.pdf\" type=\"application\/pdf\" style=\"width:100%;height:600px\" aria-label=\"Embed of METODOLOGIE programe de \u00eenvatare.\"><\/object><a id=\"wp-block-file--media-17e91641-8615-49c8-a43b-3e07b1775d2a\" href=\"https:\/\/indice.ro\/wp-content\/uploads\/2025\/04\/METODOLOGIE-programe-de-invatare.pdf\">METODOLOGIE programe de \u00eenvatare<\/a><a href=\"https:\/\/indice.ro\/wp-content\/uploads\/2025\/04\/METODOLOGIE-programe-de-invatare.pdf\" class=\"wp-block-file__button wp-element-button\" download aria-describedby=\"wp-block-file--media-17e91641-8615-49c8-a43b-3e07b1775d2a\">Download<\/a><\/div>\n\n\n\n<p class=\"gutenify-section-f482e270-1f92-11f0-b76e-cd755f895a90\"><\/p>\n\n\n\n<div data-wp-interactive=\"core\/file\" class=\"wp-block-file gutenify-section-f68960d0-1f92-11f0-b76e-cd755f895a90\"><object data-wp-bind--hidden=\"!state.hasPdfPreview\" hidden class=\"wp-block-file__embed\" data=\"https:\/\/indice.ro\/wp-content\/uploads\/2025\/04\/Proceduri-de-lucru-FPC.pdf\" type=\"application\/pdf\" style=\"width:100%;height:600px\" aria-label=\"Embed of Proceduri de lucru FPC.\"><\/object><a id=\"wp-block-file--media-a5b56347-a9bd-4fda-b47d-4e86e271ef8c\" href=\"https:\/\/indice.ro\/wp-content\/uploads\/2025\/04\/Proceduri-de-lucru-FPC.pdf\">Proceduri de lucru FPC<\/a><a href=\"https:\/\/indice.ro\/wp-content\/uploads\/2025\/04\/Proceduri-de-lucru-FPC.pdf\" class=\"wp-block-file__button wp-element-button\" download aria-describedby=\"wp-block-file--media-a5b56347-a9bd-4fda-b47d-4e86e271ef8c\">Download<\/a><\/div>\n","protected":false},"excerpt":{"rendered":"<p>Suntem \u00eenc\u00e2nta\u021bi s\u0103 anun\u021b\u0103m finalizarea proiectului Train4IT Competente digitale pentru angajatii din IMM, un proiect dedicat \u00eembun\u0103t\u0103\u021birii nivelului de competen\u021be digitale ale celor 301 angaja\u021bi din regiunile Sud-Vest Oltenia, Centru \u0219i Sud Muntenia, care activeaz\u0103 \u00een sectoarele economice \u0219i domeniile identificate conform SNC \u0219i SNCDI, precum \u0219i sprijinirii a 32 de IMM-uri care \u00ee\u0219i desf\u0103\u0219oar\u0103 [&hellip;]<\/p>\n","protected":false},"author":1,"featured_media":0,"parent":0,"menu_order":0,"comment_status":"closed","ping_status":"closed","template":"","meta":{"gutenify_custom_css":"","gutenify_custom_css_data":"","footnotes":""},"class_list":["post-2674","page","type-page","status-publish","hentry"],"yoast_head":"<!-- This site is optimized with the Yoast SEO plugin v23.5 - https:\/\/yoast.com\/wordpress\/plugins\/seo\/ -->\n<title>Anun\u021b de diseminare a rezultatelor proiectului \u201eTrain4IT Competente digitale pentru angajatii din IMM\u201d \u2013 142935 - Indice Consulting<\/title>\n<meta name=\"robots\" content=\"index, follow, max-snippet:-1, max-image-preview:large, max-video-preview:-1\" \/>\n<link rel=\"canonical\" href=\"https:\/\/indice.ro\/index.php\/anunt-de-diseminare-a-rezultatelor-proiectului-train4it-competente-digitale-pentru-angajatii-din-imm-142935\/\" \/>\n<meta property=\"og:locale\" content=\"en_US\" \/>\n<meta property=\"og:type\" content=\"article\" \/>\n<meta property=\"og:title\" content=\"Anun\u021b de diseminare a rezultatelor proiectului \u201eTrain4IT Competente digitale pentru angajatii din IMM\u201d \u2013 142935 - Indice Consulting\" \/>\n<meta property=\"og:description\" content=\"Suntem \u00eenc\u00e2nta\u021bi s\u0103 anun\u021b\u0103m finalizarea proiectului Train4IT Competente digitale pentru angajatii din IMM, un proiect dedicat \u00eembun\u0103t\u0103\u021birii nivelului de competen\u021be digitale ale celor 301 angaja\u021bi din regiunile Sud-Vest Oltenia, Centru \u0219i Sud Muntenia, care activeaz\u0103 \u00een sectoarele economice \u0219i domeniile identificate conform SNC \u0219i SNCDI, precum \u0219i sprijinirii a 32 de IMM-uri care \u00ee\u0219i desf\u0103\u0219oar\u0103 [&hellip;]\" \/>\n<meta property=\"og:url\" content=\"https:\/\/indice.ro\/index.php\/anunt-de-diseminare-a-rezultatelor-proiectului-train4it-competente-digitale-pentru-angajatii-din-imm-142935\/\" \/>\n<meta property=\"og:site_name\" content=\"Indice Consulting\" \/>\n<meta property=\"article:modified_time\" content=\"2025-04-22T16:01:21+00:00\" \/>\n<meta name=\"twitter:card\" content=\"summary_large_image\" \/>\n<meta name=\"twitter:label1\" content=\"Est. reading time\" \/>\n\t<meta name=\"twitter:data1\" content=\"2 minutes\" \/>\n<script type=\"application\/ld+json\" class=\"yoast-schema-graph\">{\"@context\":\"https:\/\/schema.org\",\"@graph\":[{\"@type\":\"WebPage\",\"@id\":\"https:\/\/indice.ro\/index.php\/anunt-de-diseminare-a-rezultatelor-proiectului-train4it-competente-digitale-pentru-angajatii-din-imm-142935\/\",\"url\":\"https:\/\/indice.ro\/index.php\/anunt-de-diseminare-a-rezultatelor-proiectului-train4it-competente-digitale-pentru-angajatii-din-imm-142935\/\",\"name\":\"Anun\u021b de diseminare a rezultatelor proiectului \u201eTrain4IT Competente digitale pentru angajatii din IMM\u201d \u2013 142935 - Indice Consulting\",\"isPartOf\":{\"@id\":\"https:\/\/indice.ro\/#website\"},\"datePublished\":\"2025-04-22T16:01:20+00:00\",\"dateModified\":\"2025-04-22T16:01:21+00:00\",\"breadcrumb\":{\"@id\":\"https:\/\/indice.ro\/index.php\/anunt-de-diseminare-a-rezultatelor-proiectului-train4it-competente-digitale-pentru-angajatii-din-imm-142935\/#breadcrumb\"},\"inLanguage\":\"en-US\",\"potentialAction\":[{\"@type\":\"ReadAction\",\"target\":[\"https:\/\/indice.ro\/index.php\/anunt-de-diseminare-a-rezultatelor-proiectului-train4it-competente-digitale-pentru-angajatii-din-imm-142935\/\"]}]},{\"@type\":\"BreadcrumbList\",\"@id\":\"https:\/\/indice.ro\/index.php\/anunt-de-diseminare-a-rezultatelor-proiectului-train4it-competente-digitale-pentru-angajatii-din-imm-142935\/#breadcrumb\",\"itemListElement\":[{\"@type\":\"ListItem\",\"position\":1,\"name\":\"Home\",\"item\":\"https:\/\/indice.ro\/\"},{\"@type\":\"ListItem\",\"position\":2,\"name\":\"Anun\u021b de diseminare a rezultatelor proiectului \u201eTrain4IT Competente digitale pentru angajatii din IMM\u201d \u2013 142935\"}]},{\"@type\":\"WebSite\",\"@id\":\"https:\/\/indice.ro\/#website\",\"url\":\"https:\/\/indice.ro\/\",\"name\":\"Indice Consulting\",\"description\":\"\",\"publisher\":{\"@id\":\"https:\/\/indice.ro\/#organization\"},\"potentialAction\":[{\"@type\":\"SearchAction\",\"target\":{\"@type\":\"EntryPoint\",\"urlTemplate\":\"https:\/\/indice.ro\/?s={search_term_string}\"},\"query-input\":{\"@type\":\"PropertyValueSpecification\",\"valueRequired\":true,\"valueName\":\"search_term_string\"}}],\"inLanguage\":\"en-US\"},{\"@type\":\"Organization\",\"@id\":\"https:\/\/indice.ro\/#organization\",\"name\":\"Indice Consulting\",\"url\":\"https:\/\/indice.ro\/\",\"logo\":{\"@type\":\"ImageObject\",\"inLanguage\":\"en-US\",\"@id\":\"https:\/\/indice.ro\/#\/schema\/logo\/image\/\",\"url\":\"https:\/\/indice.ro\/wp-content\/uploads\/2024\/09\/logo.jpg\",\"contentUrl\":\"https:\/\/indice.ro\/wp-content\/uploads\/2024\/09\/logo.jpg\",\"width\":219,\"height\":116,\"caption\":\"Indice Consulting\"},\"image\":{\"@id\":\"https:\/\/indice.ro\/#\/schema\/logo\/image\/\"}}]}<\/script>\n<!-- \/ Yoast SEO plugin. -->","yoast_head_json":{"title":"Anun\u021b de diseminare a rezultatelor proiectului \u201eTrain4IT Competente digitale pentru angajatii din IMM\u201d \u2013 142935 - Indice Consulting","robots":{"index":"index","follow":"follow","max-snippet":"max-snippet:-1","max-image-preview":"max-image-preview:large","max-video-preview":"max-video-preview:-1"},"canonical":"https:\/\/indice.ro\/index.php\/anunt-de-diseminare-a-rezultatelor-proiectului-train4it-competente-digitale-pentru-angajatii-din-imm-142935\/","og_locale":"en_US","og_type":"article","og_title":"Anun\u021b de diseminare a rezultatelor proiectului \u201eTrain4IT Competente digitale pentru angajatii din IMM\u201d \u2013 142935 - Indice Consulting","og_description":"Suntem \u00eenc\u00e2nta\u021bi s\u0103 anun\u021b\u0103m finalizarea proiectului Train4IT Competente digitale pentru angajatii din IMM, un proiect dedicat \u00eembun\u0103t\u0103\u021birii nivelului de competen\u021be digitale ale celor 301 angaja\u021bi din regiunile Sud-Vest Oltenia, Centru \u0219i Sud Muntenia, care activeaz\u0103 \u00een sectoarele economice \u0219i domeniile identificate conform SNC \u0219i SNCDI, precum \u0219i sprijinirii a 32 de IMM-uri care \u00ee\u0219i desf\u0103\u0219oar\u0103 [&hellip;]","og_url":"https:\/\/indice.ro\/index.php\/anunt-de-diseminare-a-rezultatelor-proiectului-train4it-competente-digitale-pentru-angajatii-din-imm-142935\/","og_site_name":"Indice Consulting","article_modified_time":"2025-04-22T16:01:21+00:00","twitter_card":"summary_large_image","twitter_misc":{"Est. reading time":"2 minutes"},"schema":{"@context":"https:\/\/schema.org","@graph":[{"@type":"WebPage","@id":"https:\/\/indice.ro\/index.php\/anunt-de-diseminare-a-rezultatelor-proiectului-train4it-competente-digitale-pentru-angajatii-din-imm-142935\/","url":"https:\/\/indice.ro\/index.php\/anunt-de-diseminare-a-rezultatelor-proiectului-train4it-competente-digitale-pentru-angajatii-din-imm-142935\/","name":"Anun\u021b de diseminare a rezultatelor proiectului \u201eTrain4IT Competente digitale pentru angajatii din IMM\u201d \u2013 142935 - Indice Consulting","isPartOf":{"@id":"https:\/\/indice.ro\/#website"},"datePublished":"2025-04-22T16:01:20+00:00","dateModified":"2025-04-22T16:01:21+00:00","breadcrumb":{"@id":"https:\/\/indice.ro\/index.php\/anunt-de-diseminare-a-rezultatelor-proiectului-train4it-competente-digitale-pentru-angajatii-din-imm-142935\/#breadcrumb"},"inLanguage":"en-US","potentialAction":[{"@type":"ReadAction","target":["https:\/\/indice.ro\/index.php\/anunt-de-diseminare-a-rezultatelor-proiectului-train4it-competente-digitale-pentru-angajatii-din-imm-142935\/"]}]},{"@type":"BreadcrumbList","@id":"https:\/\/indice.ro\/index.php\/anunt-de-diseminare-a-rezultatelor-proiectului-train4it-competente-digitale-pentru-angajatii-din-imm-142935\/#breadcrumb","itemListElement":[{"@type":"ListItem","position":1,"name":"Home","item":"https:\/\/indice.ro\/"},{"@type":"ListItem","position":2,"name":"Anun\u021b de diseminare a rezultatelor proiectului \u201eTrain4IT Competente digitale pentru angajatii din IMM\u201d \u2013 142935"}]},{"@type":"WebSite","@id":"https:\/\/indice.ro\/#website","url":"https:\/\/indice.ro\/","name":"Indice Consulting","description":"","publisher":{"@id":"https:\/\/indice.ro\/#organization"},"potentialAction":[{"@type":"SearchAction","target":{"@type":"EntryPoint","urlTemplate":"https:\/\/indice.ro\/?s={search_term_string}"},"query-input":{"@type":"PropertyValueSpecification","valueRequired":true,"valueName":"search_term_string"}}],"inLanguage":"en-US"},{"@type":"Organization","@id":"https:\/\/indice.ro\/#organization","name":"Indice Consulting","url":"https:\/\/indice.ro\/","logo":{"@type":"ImageObject","inLanguage":"en-US","@id":"https:\/\/indice.ro\/#\/schema\/logo\/image\/","url":"https:\/\/indice.ro\/wp-content\/uploads\/2024\/09\/logo.jpg","contentUrl":"https:\/\/indice.ro\/wp-content\/uploads\/2024\/09\/logo.jpg","width":219,"height":116,"caption":"Indice Consulting"},"image":{"@id":"https:\/\/indice.ro\/#\/schema\/logo\/image\/"}}]}},"_links":{"self":[{"href":"https:\/\/indice.ro\/index.php\/wp-json\/wp\/v2\/pages\/2674","targetHints":{"allow":["GET"]}}],"collection":[{"href":"https:\/\/indice.ro\/index.php\/wp-json\/wp\/v2\/pages"}],"about":[{"href":"https:\/\/indice.ro\/index.php\/wp-json\/wp\/v2\/types\/page"}],"author":[{"embeddable":true,"href":"https:\/\/indice.ro\/index.php\/wp-json\/wp\/v2\/users\/1"}],"replies":[{"embeddable":true,"href":"https:\/\/indice.ro\/index.php\/wp-json\/wp\/v2\/comments?post=2674"}],"version-history":[{"count":1,"href":"https:\/\/indice.ro\/index.php\/wp-json\/wp\/v2\/pages\/2674\/revisions"}],"predecessor-version":[{"id":2684,"href":"https:\/\/indice.ro\/index.php\/wp-json\/wp\/v2\/pages\/2674\/revisions\/2684"}],"wp:attachment":[{"href":"https:\/\/indice.ro\/index.php\/wp-json\/wp\/v2\/media?parent=2674"}],"curies":[{"name":"wp","href":"https:\/\/api.w.org\/{rel}","templated":true}]}}