{"id":2575,"date":"2025-02-11T14:14:19","date_gmt":"2025-02-11T14:14:19","guid":{"rendered":"https:\/\/indice.ro\/?page_id=2575"},"modified":"2025-02-11T14:42:06","modified_gmt":"2025-02-11T14:42:06","slug":"utilizarea-eficienta-a-resurselor","status":"publish","type":"page","link":"https:\/\/indice.ro\/index.php\/proiecte-peo-2021-2027\/avans-in-cariera-promovarea-invatarii-pe-tot-parcursul-vietii-smis-313175\/utilizarea-eficienta-a-resurselor\/","title":{"rendered":"Utilizarea eficient\u0103 a resurselor"},"content":{"rendered":"\n<p class=\"gutenify-section-489cc1c0-e882-11ef-9055-1d44429bbe62\"><\/p>\n\n\n\n<figure class=\"wp-block-image size-full gutenify-section-94046da0-e884-11ef-bd82-8de88f46096e\"><img fetchpriority=\"high\" decoding=\"async\" width=\"946\" height=\"112\" src=\"https:\/\/indice.ro\/wp-content\/uploads\/2025\/02\/image-2.png\" alt=\"\" class=\"wp-image-2585\" srcset=\"https:\/\/indice.ro\/wp-content\/uploads\/2025\/02\/image-2.png 946w, https:\/\/indice.ro\/wp-content\/uploads\/2025\/02\/image-2-300x36.png 300w, https:\/\/indice.ro\/wp-content\/uploads\/2025\/02\/image-2-768x91.png 768w\" sizes=\"(max-width: 946px) 100vw, 946px\" \/><\/figure>\n\n\n\n<p class=\"gutenify-section-94066970-e884-11ef-bd82-8de88f46096e\"><\/p>\n\n\n\n<div class=\"wp-block-media-text alignwide is-stacked-on-mobile gutenify-section-e1b303a0-e883-11ef-bd82-8de88f46096e\" style=\"grid-template-columns:49% auto\"><figure class=\"wp-block-media-text__media\"><img decoding=\"async\" width=\"446\" height=\"319\" src=\"https:\/\/indice.ro\/wp-content\/uploads\/2025\/02\/image-1.png\" alt=\"\" class=\"wp-image-2580 size-full\" srcset=\"https:\/\/indice.ro\/wp-content\/uploads\/2025\/02\/image-1.png 446w, https:\/\/indice.ro\/wp-content\/uploads\/2025\/02\/image-1-300x215.png 300w\" sizes=\"(max-width: 446px) 100vw, 446px\" \/><\/figure><div class=\"wp-block-media-text__content\">\n<p class=\"gutenify-section-e1b8d000-e883-11ef-bd82-8de88f46096e\">\u00cen cadrul proiectului \u201eAvans \u00een Carier\u0103: Promovarea \u00eenv\u0103\u021b\u0103rii pe tot parcursul vie\u021bii\u201d, ne angaj\u0103m s\u0103 respect\u0103m principiile dezvolt\u0103rii durabile, a\u0219a cum sunt prev\u0103zute la art. 11 din Tratatul privind Func\u021bionarea Uniunii Europene (TFUE), \u021bin\u00e2nd cont de obiectivele de dezvoltare durabil\u0103 ale ONU, Acordul de la Paris \u0219i principiul \u201eDo No Significant Harm\u201d (DNSH). Toate activit\u0103\u021bile proiectului se desf\u0103\u0219oar\u0103 cu respectarea acquis-ului UE \u00een domeniul protec\u021biei mediului \u0219i al utiliz\u0103rii responsabile a resurselor.<\/p>\n<\/div><\/div>\n\n\n\n<p class=\"has-text-align-left gutenify-section-ba0b0960-e883-11ef-bd82-8de88f46096e\"><strong>Principalele m\u0103suri implementate:<\/strong><\/p>\n\n\n\n<p class=\"gutenify-section-527f4640-e882-11ef-9055-1d44429bbe62\">\u2714 <strong>Respectarea legisla\u021biei \u0219i reglement\u0103rilor<\/strong> privind protec\u021bia mediului, eficien\u021ba energetic\u0103 \u0219i responsabilitatea pentru poluare, conform standardelor europene \u0219i na\u021bionale;<\/p>\n\n\n\n<p class=\"gutenify-section-527f6d50-e882-11ef-9055-1d44429bbe62\">\u2714 \u00cencurajarea <strong>reducerii consumului de resurse<\/strong> prin economisirea apei, energiei electrice, h\u00e2rtiei \u0219i tonerului \u00een toate activit\u0103\u021bile desf\u0103\u0219urate \u00een cadrul proiectului;<\/p>\n\n\n\n<p class=\"gutenify-section-527fbb70-e882-11ef-9055-1d44429bbe62\">\u2714 &nbsp;&nbsp;<strong>Digitalizarea proceselor<\/strong> prin utilizarea documentelor electronice, arhivarea digital\u0103 \u0219i comunicarea online, limit\u00e2nd imprimarea doar la documentele esen\u021biale;<\/p>\n\n\n\n<p class=\"gutenify-section-528030a0-e882-11ef-9055-1d44429bbe62\">\u2714 <strong>Promovarea unui comportament responsabil<\/strong> \u00een cadrul programelor de formare, prin inform\u0103ri despre importan\u021ba protec\u021biei mediului \u0219i a utiliz\u0103rii eficiente a resurselor;<\/p>\n\n\n\n<p class=\"gutenify-section-52807ec0-e882-11ef-9055-1d44429bbe62\">\u2714 <strong>Integrarea principiilor dezvolt\u0103rii durabile \u00een activit\u0103\u021bile de formare profesional\u0103<\/strong>, incluz\u00e2nd informa\u021bii despre eficien\u021ba energetic\u0103, protec\u021bia mediului \u0219i reducerea amprentei ecologice \u00een con\u021binutul cursurilor;<\/p>\n\n\n\n<p class=\"gutenify-section-5280a5d0-e882-11ef-9055-1d44429bbe62\">\u2714 <strong>Utilizarea echipamentelor moderne<\/strong> cu impact minim asupra mediului, conforme cu cele mai recente standarde ecologice pentru reducerea amprentei de carbon;<\/p>\n\n\n\n<p class=\"gutenify-section-5280f3f0-e882-11ef-9055-1d44429bbe62\">\u2714 <strong>Monitorizarea \u0219i ajustarea periodic\u0103<\/strong> a m\u0103surilor implementate pentru a asigura un impact minim asupra mediului \u0219i pentru a \u00eembun\u0103t\u0103\u021bi \u00een mod continuu strategiile de sustenabilitate ale proiectului;<\/p>\n\n\n\n<p class=\"gutenify-section-52811b00-e882-11ef-9055-1d44429bbe62\">\u2714 <strong>Adoptarea principiului \u201epoluatorul pl\u0103te\u0219te\u201d<\/strong>, prin asumarea responsabilit\u0103\u021bii pentru orice impact negativ asupra mediului \u0219i implementarea de m\u0103suri pentru prevenirea polu\u0103rii.<\/p>\n\n\n\n<p class=\"gutenify-section-52816920-e882-11ef-9055-1d44429bbe62\">\u00cen cadrul programelor de formare profesional\u0103 oferite prin proiect, participan\u021bii sunt informa\u021bi \u0219i \u00eencuraja\u021bi s\u0103 adopte bune practici ecologice at\u00e2t la locul de munc\u0103, c\u00e2t \u0219i \u00een activit\u0103\u021bile zilnice. Dezvolt\u0103m \u0219i punem la dispozi\u021bia participan\u021bilor materiale informative care s\u0103 sublinieze importan\u021ba utiliz\u0103rii eficiente a resurselor \u0219i aplic\u0103rii principiilor sustenabile \u00een mediul profesional.<\/p>\n\n\n\n<p class=\"gutenify-section-52819030-e882-11ef-9055-1d44429bbe62\"><strong>\u00cempreun\u0103 construim un viitor sustenabil! <\/strong><strong>\ud83c\udf3f<\/strong><\/p>\n\n\n\n<p class=\"gutenify-section-52820560-e882-11ef-9055-1d44429bbe62\"><\/p>\n","protected":false},"excerpt":{"rendered":"<p>\u00cen cadrul proiectului \u201eAvans \u00een Carier\u0103: Promovarea \u00eenv\u0103\u021b\u0103rii pe tot parcursul vie\u021bii\u201d, ne angaj\u0103m s\u0103 respect\u0103m principiile dezvolt\u0103rii durabile, a\u0219a cum sunt prev\u0103zute la art. 11 din Tratatul privind Func\u021bionarea Uniunii Europene (TFUE), \u021bin\u00e2nd cont de obiectivele de dezvoltare durabil\u0103 ale ONU, Acordul de la Paris \u0219i principiul \u201eDo No Significant Harm\u201d (DNSH). Toate activit\u0103\u021bile [&hellip;]<\/p>\n","protected":false},"author":1,"featured_media":0,"parent":2424,"menu_order":1,"comment_status":"closed","ping_status":"closed","template":"","meta":{"gutenify_custom_css":"","gutenify_custom_css_data":"","footnotes":""},"class_list":["post-2575","page","type-page","status-publish","hentry"],"yoast_head":"<!-- This site is optimized with the Yoast SEO plugin v23.5 - https:\/\/yoast.com\/wordpress\/plugins\/seo\/ -->\n<title>Utilizarea eficient\u0103 a resurselor - Indice Consulting<\/title>\n<meta name=\"robots\" content=\"index, follow, max-snippet:-1, max-image-preview:large, max-video-preview:-1\" \/>\n<link rel=\"canonical\" href=\"https:\/\/indice.ro\/index.php\/proiecte-peo-2021-2027\/avans-in-cariera-promovarea-invatarii-pe-tot-parcursul-vietii-smis-313175\/utilizarea-eficienta-a-resurselor\/\" \/>\n<meta property=\"og:locale\" content=\"en_US\" \/>\n<meta property=\"og:type\" content=\"article\" \/>\n<meta property=\"og:title\" content=\"Utilizarea eficient\u0103 a resurselor - Indice Consulting\" \/>\n<meta property=\"og:description\" content=\"\u00cen cadrul proiectului \u201eAvans \u00een Carier\u0103: Promovarea \u00eenv\u0103\u021b\u0103rii pe tot parcursul vie\u021bii\u201d, ne angaj\u0103m s\u0103 respect\u0103m principiile dezvolt\u0103rii durabile, a\u0219a cum sunt prev\u0103zute la art. 11 din Tratatul privind Func\u021bionarea Uniunii Europene (TFUE), \u021bin\u00e2nd cont de obiectivele de dezvoltare durabil\u0103 ale ONU, Acordul de la Paris \u0219i principiul \u201eDo No Significant Harm\u201d (DNSH). Toate activit\u0103\u021bile [&hellip;]\" \/>\n<meta property=\"og:url\" content=\"https:\/\/indice.ro\/index.php\/proiecte-peo-2021-2027\/avans-in-cariera-promovarea-invatarii-pe-tot-parcursul-vietii-smis-313175\/utilizarea-eficienta-a-resurselor\/\" \/>\n<meta property=\"og:site_name\" content=\"Indice Consulting\" \/>\n<meta property=\"article:modified_time\" content=\"2025-02-11T14:42:06+00:00\" \/>\n<meta property=\"og:image\" content=\"https:\/\/indice.ro\/wp-content\/uploads\/2025\/02\/image-2.png\" \/>\n<meta name=\"twitter:card\" content=\"summary_large_image\" \/>\n<meta name=\"twitter:label1\" content=\"Est. reading time\" \/>\n\t<meta name=\"twitter:data1\" content=\"2 minutes\" \/>\n<script type=\"application\/ld+json\" class=\"yoast-schema-graph\">{\"@context\":\"https:\/\/schema.org\",\"@graph\":[{\"@type\":\"WebPage\",\"@id\":\"https:\/\/indice.ro\/index.php\/proiecte-peo-2021-2027\/avans-in-cariera-promovarea-invatarii-pe-tot-parcursul-vietii-smis-313175\/utilizarea-eficienta-a-resurselor\/\",\"url\":\"https:\/\/indice.ro\/index.php\/proiecte-peo-2021-2027\/avans-in-cariera-promovarea-invatarii-pe-tot-parcursul-vietii-smis-313175\/utilizarea-eficienta-a-resurselor\/\",\"name\":\"Utilizarea eficient\u0103 a resurselor - Indice Consulting\",\"isPartOf\":{\"@id\":\"https:\/\/indice.ro\/#website\"},\"primaryImageOfPage\":{\"@id\":\"https:\/\/indice.ro\/index.php\/proiecte-peo-2021-2027\/avans-in-cariera-promovarea-invatarii-pe-tot-parcursul-vietii-smis-313175\/utilizarea-eficienta-a-resurselor\/#primaryimage\"},\"image\":{\"@id\":\"https:\/\/indice.ro\/index.php\/proiecte-peo-2021-2027\/avans-in-cariera-promovarea-invatarii-pe-tot-parcursul-vietii-smis-313175\/utilizarea-eficienta-a-resurselor\/#primaryimage\"},\"thumbnailUrl\":\"https:\/\/indice.ro\/wp-content\/uploads\/2025\/02\/image-2.png\",\"datePublished\":\"2025-02-11T14:14:19+00:00\",\"dateModified\":\"2025-02-11T14:42:06+00:00\",\"breadcrumb\":{\"@id\":\"https:\/\/indice.ro\/index.php\/proiecte-peo-2021-2027\/avans-in-cariera-promovarea-invatarii-pe-tot-parcursul-vietii-smis-313175\/utilizarea-eficienta-a-resurselor\/#breadcrumb\"},\"inLanguage\":\"en-US\",\"potentialAction\":[{\"@type\":\"ReadAction\",\"target\":[\"https:\/\/indice.ro\/index.php\/proiecte-peo-2021-2027\/avans-in-cariera-promovarea-invatarii-pe-tot-parcursul-vietii-smis-313175\/utilizarea-eficienta-a-resurselor\/\"]}]},{\"@type\":\"ImageObject\",\"inLanguage\":\"en-US\",\"@id\":\"https:\/\/indice.ro\/index.php\/proiecte-peo-2021-2027\/avans-in-cariera-promovarea-invatarii-pe-tot-parcursul-vietii-smis-313175\/utilizarea-eficienta-a-resurselor\/#primaryimage\",\"url\":\"https:\/\/indice.ro\/wp-content\/uploads\/2025\/02\/image-2.png\",\"contentUrl\":\"https:\/\/indice.ro\/wp-content\/uploads\/2025\/02\/image-2.png\",\"width\":946,\"height\":112},{\"@type\":\"BreadcrumbList\",\"@id\":\"https:\/\/indice.ro\/index.php\/proiecte-peo-2021-2027\/avans-in-cariera-promovarea-invatarii-pe-tot-parcursul-vietii-smis-313175\/utilizarea-eficienta-a-resurselor\/#breadcrumb\",\"itemListElement\":[{\"@type\":\"ListItem\",\"position\":1,\"name\":\"Home\",\"item\":\"https:\/\/indice.ro\/\"},{\"@type\":\"ListItem\",\"position\":2,\"name\":\"Proiecte PEO 2021-2027\",\"item\":\"https:\/\/indice.ro\/index.php\/proiecte-peo-2021-2027\/\"},{\"@type\":\"ListItem\",\"position\":3,\"name\":\"Avans \u00een Carier\u0103: Promovarea \u00eenv\u0103\u021b\u0103rii pe tot parcursul vie\u021bii, SMIS 313175\",\"item\":\"https:\/\/indice.ro\/index.php\/proiecte-peo-2021-2027\/avans-in-cariera-promovarea-invatarii-pe-tot-parcursul-vietii-smis-313175\/\"},{\"@type\":\"ListItem\",\"position\":4,\"name\":\"Utilizarea eficient\u0103 a resurselor\"}]},{\"@type\":\"WebSite\",\"@id\":\"https:\/\/indice.ro\/#website\",\"url\":\"https:\/\/indice.ro\/\",\"name\":\"Indice Consulting\",\"description\":\"\",\"publisher\":{\"@id\":\"https:\/\/indice.ro\/#organization\"},\"potentialAction\":[{\"@type\":\"SearchAction\",\"target\":{\"@type\":\"EntryPoint\",\"urlTemplate\":\"https:\/\/indice.ro\/?s={search_term_string}\"},\"query-input\":{\"@type\":\"PropertyValueSpecification\",\"valueRequired\":true,\"valueName\":\"search_term_string\"}}],\"inLanguage\":\"en-US\"},{\"@type\":\"Organization\",\"@id\":\"https:\/\/indice.ro\/#organization\",\"name\":\"Indice Consulting\",\"url\":\"https:\/\/indice.ro\/\",\"logo\":{\"@type\":\"ImageObject\",\"inLanguage\":\"en-US\",\"@id\":\"https:\/\/indice.ro\/#\/schema\/logo\/image\/\",\"url\":\"https:\/\/indice.ro\/wp-content\/uploads\/2024\/09\/logo.jpg\",\"contentUrl\":\"https:\/\/indice.ro\/wp-content\/uploads\/2024\/09\/logo.jpg\",\"width\":219,\"height\":116,\"caption\":\"Indice Consulting\"},\"image\":{\"@id\":\"https:\/\/indice.ro\/#\/schema\/logo\/image\/\"}}]}<\/script>\n<!-- \/ Yoast SEO plugin. -->","yoast_head_json":{"title":"Utilizarea eficient\u0103 a resurselor - Indice Consulting","robots":{"index":"index","follow":"follow","max-snippet":"max-snippet:-1","max-image-preview":"max-image-preview:large","max-video-preview":"max-video-preview:-1"},"canonical":"https:\/\/indice.ro\/index.php\/proiecte-peo-2021-2027\/avans-in-cariera-promovarea-invatarii-pe-tot-parcursul-vietii-smis-313175\/utilizarea-eficienta-a-resurselor\/","og_locale":"en_US","og_type":"article","og_title":"Utilizarea eficient\u0103 a resurselor - Indice Consulting","og_description":"\u00cen cadrul proiectului \u201eAvans \u00een Carier\u0103: Promovarea \u00eenv\u0103\u021b\u0103rii pe tot parcursul vie\u021bii\u201d, ne angaj\u0103m s\u0103 respect\u0103m principiile dezvolt\u0103rii durabile, a\u0219a cum sunt prev\u0103zute la art. 11 din Tratatul privind Func\u021bionarea Uniunii Europene (TFUE), \u021bin\u00e2nd cont de obiectivele de dezvoltare durabil\u0103 ale ONU, Acordul de la Paris \u0219i principiul \u201eDo No Significant Harm\u201d (DNSH). Toate activit\u0103\u021bile [&hellip;]","og_url":"https:\/\/indice.ro\/index.php\/proiecte-peo-2021-2027\/avans-in-cariera-promovarea-invatarii-pe-tot-parcursul-vietii-smis-313175\/utilizarea-eficienta-a-resurselor\/","og_site_name":"Indice Consulting","article_modified_time":"2025-02-11T14:42:06+00:00","og_image":[{"url":"https:\/\/indice.ro\/wp-content\/uploads\/2025\/02\/image-2.png"}],"twitter_card":"summary_large_image","twitter_misc":{"Est. reading time":"2 minutes"},"schema":{"@context":"https:\/\/schema.org","@graph":[{"@type":"WebPage","@id":"https:\/\/indice.ro\/index.php\/proiecte-peo-2021-2027\/avans-in-cariera-promovarea-invatarii-pe-tot-parcursul-vietii-smis-313175\/utilizarea-eficienta-a-resurselor\/","url":"https:\/\/indice.ro\/index.php\/proiecte-peo-2021-2027\/avans-in-cariera-promovarea-invatarii-pe-tot-parcursul-vietii-smis-313175\/utilizarea-eficienta-a-resurselor\/","name":"Utilizarea eficient\u0103 a resurselor - Indice Consulting","isPartOf":{"@id":"https:\/\/indice.ro\/#website"},"primaryImageOfPage":{"@id":"https:\/\/indice.ro\/index.php\/proiecte-peo-2021-2027\/avans-in-cariera-promovarea-invatarii-pe-tot-parcursul-vietii-smis-313175\/utilizarea-eficienta-a-resurselor\/#primaryimage"},"image":{"@id":"https:\/\/indice.ro\/index.php\/proiecte-peo-2021-2027\/avans-in-cariera-promovarea-invatarii-pe-tot-parcursul-vietii-smis-313175\/utilizarea-eficienta-a-resurselor\/#primaryimage"},"thumbnailUrl":"https:\/\/indice.ro\/wp-content\/uploads\/2025\/02\/image-2.png","datePublished":"2025-02-11T14:14:19+00:00","dateModified":"2025-02-11T14:42:06+00:00","breadcrumb":{"@id":"https:\/\/indice.ro\/index.php\/proiecte-peo-2021-2027\/avans-in-cariera-promovarea-invatarii-pe-tot-parcursul-vietii-smis-313175\/utilizarea-eficienta-a-resurselor\/#breadcrumb"},"inLanguage":"en-US","potentialAction":[{"@type":"ReadAction","target":["https:\/\/indice.ro\/index.php\/proiecte-peo-2021-2027\/avans-in-cariera-promovarea-invatarii-pe-tot-parcursul-vietii-smis-313175\/utilizarea-eficienta-a-resurselor\/"]}]},{"@type":"ImageObject","inLanguage":"en-US","@id":"https:\/\/indice.ro\/index.php\/proiecte-peo-2021-2027\/avans-in-cariera-promovarea-invatarii-pe-tot-parcursul-vietii-smis-313175\/utilizarea-eficienta-a-resurselor\/#primaryimage","url":"https:\/\/indice.ro\/wp-content\/uploads\/2025\/02\/image-2.png","contentUrl":"https:\/\/indice.ro\/wp-content\/uploads\/2025\/02\/image-2.png","width":946,"height":112},{"@type":"BreadcrumbList","@id":"https:\/\/indice.ro\/index.php\/proiecte-peo-2021-2027\/avans-in-cariera-promovarea-invatarii-pe-tot-parcursul-vietii-smis-313175\/utilizarea-eficienta-a-resurselor\/#breadcrumb","itemListElement":[{"@type":"ListItem","position":1,"name":"Home","item":"https:\/\/indice.ro\/"},{"@type":"ListItem","position":2,"name":"Proiecte PEO 2021-2027","item":"https:\/\/indice.ro\/index.php\/proiecte-peo-2021-2027\/"},{"@type":"ListItem","position":3,"name":"Avans \u00een Carier\u0103: Promovarea \u00eenv\u0103\u021b\u0103rii pe tot parcursul vie\u021bii, SMIS 313175","item":"https:\/\/indice.ro\/index.php\/proiecte-peo-2021-2027\/avans-in-cariera-promovarea-invatarii-pe-tot-parcursul-vietii-smis-313175\/"},{"@type":"ListItem","position":4,"name":"Utilizarea eficient\u0103 a resurselor"}]},{"@type":"WebSite","@id":"https:\/\/indice.ro\/#website","url":"https:\/\/indice.ro\/","name":"Indice Consulting","description":"","publisher":{"@id":"https:\/\/indice.ro\/#organization"},"potentialAction":[{"@type":"SearchAction","target":{"@type":"EntryPoint","urlTemplate":"https:\/\/indice.ro\/?s={search_term_string}"},"query-input":{"@type":"PropertyValueSpecification","valueRequired":true,"valueName":"search_term_string"}}],"inLanguage":"en-US"},{"@type":"Organization","@id":"https:\/\/indice.ro\/#organization","name":"Indice Consulting","url":"https:\/\/indice.ro\/","logo":{"@type":"ImageObject","inLanguage":"en-US","@id":"https:\/\/indice.ro\/#\/schema\/logo\/image\/","url":"https:\/\/indice.ro\/wp-content\/uploads\/2024\/09\/logo.jpg","contentUrl":"https:\/\/indice.ro\/wp-content\/uploads\/2024\/09\/logo.jpg","width":219,"height":116,"caption":"Indice Consulting"},"image":{"@id":"https:\/\/indice.ro\/#\/schema\/logo\/image\/"}}]}},"_links":{"self":[{"href":"https:\/\/indice.ro\/index.php\/wp-json\/wp\/v2\/pages\/2575","targetHints":{"allow":["GET"]}}],"collection":[{"href":"https:\/\/indice.ro\/index.php\/wp-json\/wp\/v2\/pages"}],"about":[{"href":"https:\/\/indice.ro\/index.php\/wp-json\/wp\/v2\/types\/page"}],"author":[{"embeddable":true,"href":"https:\/\/indice.ro\/index.php\/wp-json\/wp\/v2\/users\/1"}],"replies":[{"embeddable":true,"href":"https:\/\/indice.ro\/index.php\/wp-json\/wp\/v2\/comments?post=2575"}],"version-history":[{"count":6,"href":"https:\/\/indice.ro\/index.php\/wp-json\/wp\/v2\/pages\/2575\/revisions"}],"predecessor-version":[{"id":2601,"href":"https:\/\/indice.ro\/index.php\/wp-json\/wp\/v2\/pages\/2575\/revisions\/2601"}],"up":[{"embeddable":true,"href":"https:\/\/indice.ro\/index.php\/wp-json\/wp\/v2\/pages\/2424"}],"wp:attachment":[{"href":"https:\/\/indice.ro\/index.php\/wp-json\/wp\/v2\/media?parent=2575"}],"curies":[{"name":"wp","href":"https:\/\/api.w.org\/{rel}","templated":true}]}}